51).
5
Let v(s) = -9162*s**2 + 146656*s - 1019. Calculate v(16).
5
Let j(f) = -2*f**3 + 82*f**2 - 873*f + 33. Determine j(25).
-1792
Let j(a) = 4*a**3 + 30*a**2 - 7015*a - 55980. Give j(-8).
12
Let y(g) = -3*g**2 - 827*g + 24842. Calculate y(-303).
-4
Let i(x) = 3*x**2 + 521*x - 132235. Calculate i(-314).
-41
Let f(d) = d**2 - 126*d + 2595. What is f(28)?
-149
Let a(q) = -1406*q + 1816571. Calculate a(1292).
19
Let d(h) = h**2 - 13507*h - 5234263. Give d(-377).
5
Let v(g) = 262*g + 2701. Give v(-11).
-181
Let t(z) = 1355*z - 898335. Give t(663).
30
Let k(d) = -3809*d + 274243. Determine k(72).
-5
Let o(m) = -76134*m**2 + 304539*m - 6. What is o(4)?
6
Let n(w) = -39152*w - 665573. Determine n(-17).
11
Let k(u) = 6858*u - 767913. Determine k(112).
183
Let h(w) = 10229*w + 61365. What is h(-6)?
-9
Let w(t) = -t**2 + 2528*t + 2625327. Give w(-791).
-2
Let b(h) = -h**2 + 7357*h - 161377. Calculate b(22).
-7
Let d(y) = -7*y**2 + 3634*y + 14533. Determine d(-4).
-115
Let s(c) = 15*c + 988. What is s(28)?
1408
Let k(x) = -17*x**3 - 5*x**2 - 116*x - 584. Calculate k(-5).
1996
Let t(n) = -21*n**2 - 1143*n + 617. Calculate t(-55).
-43
Let g(j) = -18*j**2 - 427*j + 18424. Calculate g(-46).
-22
Let w(g) = 795*g + 6519. Determine w(-9).
-636
Let z(f) = f**2 + 568*f + 76952. Give z(-223).
17
Let y(d) = 20168*d + 48. Calculate y(0).
48
Let i(k) = -249*k + 6718. What is i(27)?
-5
Let k(o) = -2*o**2 - 776*o - 73887. Determine k(-222).
-183
Let f(v) = 2*v**2 - 1213*v - 209921. Determine f(747).
-14
Let z(q) = -342*q - 12146. Give z(-33).
-860
Let m(f) = -f**3 - 4*f**2 - 1133*f - 26950. Determine m(-19).
-8
Let z(f) = 23*f**2 + 784*f - 2407. What is z(-37)?
72
Let x(c) = 16*c**2 - 314*c - 403. Give x(0).
-403
Let u(s) = 145004*s - 1450064. Calculate u(10).
-24
Let u(f) = 5779*f + 32289. Determine u(-5).
3394
Let x(p) = 17518*p + 840869. Calculate x(-48).
5
Let a(p) = -2*p**2 + 156*p + 13881. Give a(130).
361
Let x(q) = 5971*q - 52800. What is x(8)?
-5032
Let q(j) = 3746*j**2 + 56229*j + 341. Give q(-15).
-244
Let v(k) = -177*k - 18141. What is v(-121)?
3276
Let o(f) = 1783*f - 608011. Give o(341).
-8
Let x(u) = -96*u**2 - 76*u - 1. Give x(1).
-173
Let p(b) = b**2 - 23686*b - 94762. Calculate p(-4).
-2
Let q(z) = 8803*z - 1760598. Give q(200).
2
Let r(w) = -w**3 + 120*w**2 - 1393*w - 189. Determine r(107).
-403
Let t(m) = -35*m**2 - 284*m + 24819. Determine t(-31).
-12
Let a(o) = o**3 + 12*o**2 - 651*o + 4761. What is a(7)?
1135
Let y(h) = -7*h**2 - 11863*h + 35600. Determine y(3).
-52
Let b(n) = 5*n**3 + 713*n**2 + 2189*n - 43510. What is b(-139)?
-3
Let o(m) = 1215*m + 8499. Determine o(-7).
-6
Let l(o) = -1078*o - 4321. Calculate l(-4).
-9
Let l(h) = 33*h**2 - 23*h + 259. Determine l(7).
1715
Let w(l) = -13*l**2 + 1218*l + 25026. Give w(111).
51
Let d(v) = 805*v**2 + 296*v - 288. Determine d(1).
813
Let w(a) = -a**3 + 34*a**2 + 603*a - 18212. Give w(37).
-8
Let u(g) = 45*g - 34. What is u(-14)?
-664
Let d(f) = 2*f**2 - 222*f - 10176. What is d(-37)?
776
Let f(j) = -728*j + 6029. Calculate f(8).
205
Let s(f) = -141*f - 297. What is s(-2)?
-15
Let s(b) = -139*b - 16893. Calculate s(-122).
65
Let x(f) = -56*f**2 - 457*f - 905. Calculate x(-4).
27
Let c(h) = 15757*h**2 - 94543*h. Determine c(6).
-6
Let x(k) = k**3 + 66*k**2 - 72887*k - 4878920. Calculate x(-67).
20
Let t(s) = -9*s**2 - 2357*s - 79718. Determine t(-222).
-20
Let t(a) = -44015*a + 15405259. Give t(350).
9
Let d(s) = -s**2 - 36*s + 26803. Calculate d(-184).
-429
Let k(a) = 19073*a - 38158. Determine k(2).
-12
Let x(b) = 6961*b + 62716. Give x(-9).
67
Let o(u) = 2*u**2 - 32*u - 251. Calculate o(12).
-347
Let f(y) = -26*y**2 + 16*y + 104. What is f(-5)?
-626
Let t(s) = 7*s**2 - 245*s + 416. What is t(34)?
178
Let f(y) = 24*y - 3610. What is f(168)?
422
Let o(b) = 5877*b - 49. Calculate o(0).
-49
Let n(w) = 4*w**2 - 1430*w - 20038. Calculate n(371).
-4
Let a(o) = -30*o**2 + 162*o + 333. What is a(-2)?
-111
Let x(v) = -v**3 - 1715*v**2 - 5125*v + 36. Give x(-3).
3
Let x(p) = 16*p**3 + 289*p**2 + 11*p - 36. Determine x(-18).
90
Let p(a) = 8*a**2 - 1392*a + 50778. Give p(52).
26
Let t(y) = -7761*y + 108592. What is t(14)?
-62
Let v(s) = -9*s**2 - 914*s - 22844. Give v(-58).
-108
Let q(p) = p**3 + 151*p**2 + 1149*p + 788. Determine q(-143).
73
Let w(x) = x**3 - 555*x**2 - 325*x + 180357. Calculate w(555).
-18
Let i(k) = -k**2 - 52*k - 694. What is i(-25)?
-19
Let n(i) = -2*i**2 - 36*i + 9521. Give n(56).
1233
Let f(c) = -325*c - 10669. Determine f(-35).
706
Let a(t) = -2*t**3 - 790*t**2 + 3203*t + 4397. Determine a(-399).
8
Let y(x) = 4331*x - 30344. Determine y(7).
-27
Let m(c) = -70417*c + 2042089. What is m(29)?
-4
Let y(t) = 106039*t + 113567773. Calculate y(-1071).
4
Let i(j) = 3*j**2 - 102*j - 980. What is i(40)?
-260
Let y(u) = -4*u**3 - 149*u**2 + 50*u + 186. What is y(-38)?
2618
Let j(n) = -n**3 + 59*n**2 + 249*n - 241. Calculate j(63).
-430
Let p(s) = 3245*s + 1536. Calculate p(-1).
-1709
Let t(l) = 2035*l + 1360. What is t(-1)?
-675
Let u(g) = -2*g**3 + 598*g**2 - 3567*g + 14. Give u(6).
-292
Let a(v) = v**3 + 133*v**2 - 269*v + 62. Determine a(-135).
-73
Let a(d) = 1047*d**2 - 292*d + 3. What is a(1)?
758
Let i(z) = -z**3 - 310*z**2 + 1608*z + 10695. What is i(-315)?
300
Let q(z) = -z**3 - 272*z**2 + 2204*z + 599564. Determine q(-272).
76
Let y(a) = 72*a + 4704. Calculate y(-8).
4128
Let a(v) = v**3 - 448*v**2 + 15580*v - 15. Give a(410).
-15
Let x(m) = 13*m**2 - 1140*m + 958. Give x(86).
-934
Let l(z) = -393*z**3 - 4716*z**2 - 8. What is l(-12)?
-8
Let m(u) = -2*u**3 - 81*u**2 + 38*u - 117. Determine m(-41).
6
Let y(w) = -20*w - 2333. Determine y(-97).
-393
Let u(a) = -986*a + 4610. Calculate u(5).
-320
Let g(a) = 29113*a + 436209. Give g(-15).
-486
Let g(u) = -u**3 - 118*u**2 + 194*u - 20620. Determine g(-121).
-171
Let q(k) = 16*k**2 - 21954*k + 65712. Give q(3).
-6
Let b(f) = -f**2 + 167*f - 6498. What is b(104)?
54
Let h(v) = 22*v**3 + 727*v**2 + 27*v + 62. Calculate h(-33).
260
Let r(n) = 119*n**2 - 826*n + 54. Calculate r(7).
103
Let y(a) = -620*a + 1473. Calculate y(1).
853
Let s(z) = -1384*z + 954957. Determine s(690).
-3
Let n(t) = -t**3 - 89*t**2 - 489*t + 442. Give n(-83).
-305
Let n(c) = c**3 + 124*c**2 - 3083*c - 394342. What is n(-123)?
-4
Let n(m) = -502*m + 93507. Give n(186).
135
Let i(r) = -2276*r - 18279. Give i(-8).
-71
Let u(s) = 17*s**3 + 102*s**2 + 30*s + 51. Calculate u(-5).
326
Let j(t) = -56*t**2 + 28*t - 874. Give j(10).
-6194
Let s(j) = 67*j + 1997. Give s(-27).
188
Let b(x) = -11620*x - 162692. What is b(-14)?
-12
Let w(j) = 15062*j - 11055505. Determine w(734).
3
Let r(w) = w**3 - 11*w**2 - 128*w + 1388. What is r(12)?
-4
Let g(s) = -s**3 + 13*s**2 - 33*s - 30. Determine g(3).
-39
Let m(s) = -s**2 + 6572*s - 596149. Calculate m(92).
11
Let m(s) = 6*s**3 + 105*s**2 - 222*s - 43. Determine m(-19).
926
Let m(g) = -g**3 - 522*g**2 + 73880*g - 81660. What is m(-638)?
4
Let j(x) = 2*x**3 - 823*x**2 + 18256*x - 7766. Calculate j(388).
-6
Let o(l) = l**3 + 9*l**2 + 424*l - 3031. What is o(7)?
721
Let h(t) = 11779*t - 294471. Calculate h(25).
4
Let q(u) = 320*u - 3312. Determine q(7).
-1072
Let o(q) = -13238*q + 158778. Calculate o(12).
-78
Let h(d) = d**3 + 43*d**2 + 329*d - 179. Give h(-13).
614
Let k(o) = -o**2 + 2083*o - 466248. Determine k(255).
-108
Let a(d) = 199*d**2 + 19313*d - 19313. What is a(1)?
199
Let t(f) = -18380*f + 5936743. What is t(323)?
3
Let m(y) = -106*y**2 - 1012*y - 2017. Give m(-2).
-417
Let k(s) = 1955*s + 2164179. Calculate k(-1107).
-6
Let v(b) = -b**3 - 56*b**2 + 377*b + 18314. What is v(-57)?
74
Let f(s) = 40252*s - 281681. Calculate f(7).
83
Let o(n) = 2*n**3 + n**2 - 3*n + 57. Determine o(-3).
21
Let z(w) = -5189*w - 20591. Calculate z(-4).
165
Let p(m) = -m**3 - 3*m**2 - m + 43. Determine p(10).
-1267
Let z(p) = -4*p**3 + 10*p**2 - 12*p - 16. Give z(2).
-32
Let g(s) = -1975*s + 353518. Determine g(179).
-7
Let x(p) = 226*p**2 + 1226*p + 662. Calculate x(-5).
182
Let u(t) = -t**3 - 35*t**2 + 156*t + 10040. Give u(-27).
-4
Let m(j) = -4*j**3 - 155*j**2 + 918*j - 266. Calculate m(-44).
-2
Let q(b) = b**2 - 82*b - 2771. Give q(106).
-227
Let o(l) = -l**2 - 30*l + 227310. Calculate o(462).
6
Let m(f) = -f**2 - 394*f + 298821. Determine m(384